{"id":708,"date":"2026-01-13T11:45:44","date_gmt":"2026-01-13T10:45:44","guid":{"rendered":"https:\/\/www.syndein.com.mx\/syn\/index.php\/tecnologia-interact\/"},"modified":"2026-01-14T03:46:47","modified_gmt":"2026-01-14T02:46:47","slug":"tecnologia-interact","status":"publish","type":"page","link":"https:\/\/www.syndein.com.mx\/syn\/index.php\/tecnologia-interact\/","title":{"rendered":"Tecnolog\u00eda InterAct"},"content":{"rendered":"<style>.elementor-708 .elementor-element.elementor-element-492d1e09{--display:flex;--flex-direction:row;--container-widget-width:initial;--container-widget-height:100%;--container-widget-flex-grow:1;--container-widget-align-self:stretch;--flex-wrap-mobile:wrap;}.elementor-708 .elementor-element.elementor-element-492d1e09:not(.elementor-motion-effects-element-type-background), .elementor-708 .elementor-element.elementor-element-492d1e09 > .elementor-motion-effects-container > .elementor-motion-effects-layer{background-color:var( --e-global-color-secondary );}.elementor-widget-heading .elementor-heading-title{font-family:var( --e-global-typography-primary-font-family ), Square;font-size:var( --e-global-typography-primary-font-size );font-weight:var( --e-global-typography-primary-font-weight );font-style:var( --e-global-typography-primary-font-style );line-height:var( --e-global-typography-primary-line-height );letter-spacing:var( --e-global-typography-primary-letter-spacing );color:var( --e-global-color-primary );}.elementor-708 .elementor-element.elementor-element-6f248550{text-align:center;margin:15px 15px calc(var(--kit-widget-spacing, 0px) + 15px) 15px;padding:15px 15px 15px 15px;width:100%;max-width:100%;}.elementor-708 .elementor-element.elementor-element-6f248550 .elementor-heading-title{font-family:\"eurostile\", Square;font-size:4em;font-weight:900;font-style:normal;line-height:70px;letter-spacing:2.5px;color:var( --e-global-color-secondary );}.elementor-708 .elementor-element.elementor-element-4ceda4f1{--display:flex;--flex-direction:row;--container-widget-width:initial;--container-widget-height:100%;--container-widget-flex-grow:1;--container-widget-align-self:stretch;--flex-wrap-mobile:wrap;}.elementor-708 .elementor-element.elementor-element-4ceda4f1:not(.elementor-motion-effects-element-type-background), .elementor-708 .elementor-element.elementor-element-4ceda4f1 > .elementor-motion-effects-container > .elementor-motion-effects-layer{background-color:var( --e-global-color-secondary );}.elementor-widget-text-editor{font-family:var( --e-global-typography-text-font-family ), Square;font-size:var( --e-global-typography-text-font-size );font-weight:var( --e-global-typography-text-font-weight );line-height:var( --e-global-typography-text-line-height );letter-spacing:var( --e-global-typography-text-letter-spacing );word-spacing:var( --e-global-typography-text-word-spacing );color:var( --e-global-color-text );}.elementor-widget-text-editor.elementor-drop-cap-view-stacked .elementor-drop-cap{background-color:var( --e-global-color-primary );}.elementor-widget-text-editor.elementor-drop-cap-view-framed .elementor-drop-cap, .elementor-widget-text-editor.elementor-drop-cap-view-default .elementor-drop-cap{color:var( --e-global-color-primary );border-color:var( --e-global-color-primary );}.elementor-708 .elementor-element.elementor-element-1b1865fe{text-align:justify;font-family:var( --e-global-typography-text-font-family ), Square;font-size:var( --e-global-typography-text-font-size );font-weight:var( --e-global-typography-text-font-weight );line-height:var( --e-global-typography-text-line-height );letter-spacing:var( --e-global-typography-text-letter-spacing );word-spacing:var( --e-global-typography-text-word-spacing );color:var( --e-global-color-primary );}:root{--page-title-display:none;}@media(max-width:1024px){.elementor-widget-heading .elementor-heading-title{font-size:var( --e-global-typography-primary-font-size );line-height:var( --e-global-typography-primary-line-height );letter-spacing:var( --e-global-typography-primary-letter-spacing );}.elementor-708 .elementor-element.elementor-element-6f248550 .elementor-heading-title{font-size:1em;line-height:1.1em;}.elementor-widget-text-editor{font-size:var( --e-global-typography-text-font-size );line-height:var( --e-global-typography-text-line-height );letter-spacing:var( --e-global-typography-text-letter-spacing );word-spacing:var( --e-global-typography-text-word-spacing );}.elementor-708 .elementor-element.elementor-element-1b1865fe{font-size:var( --e-global-typography-text-font-size );line-height:var( --e-global-typography-text-line-height );letter-spacing:var( --e-global-typography-text-letter-spacing );word-spacing:var( --e-global-typography-text-word-spacing );}}@media(max-width:767px){.elementor-widget-heading .elementor-heading-title{font-size:var( --e-global-typography-primary-font-size );line-height:var( --e-global-typography-primary-line-height );letter-spacing:var( --e-global-typography-primary-letter-spacing );}.elementor-708 .elementor-element.elementor-element-6f248550 .elementor-heading-title{font-size:2.5em;line-height:1.1em;}.elementor-widget-text-editor{font-size:var( --e-global-typography-text-font-size );line-height:var( --e-global-typography-text-line-height );letter-spacing:var( --e-global-typography-text-letter-spacing );word-spacing:var( --e-global-typography-text-word-spacing );}.elementor-708 .elementor-element.elementor-element-1b1865fe{font-size:var( --e-global-typography-text-font-size );line-height:var( --e-global-typography-text-line-height );letter-spacing:var( --e-global-typography-text-letter-spacing );word-spacing:var( --e-global-typography-text-word-spacing );}}<\/style>\t\t<div data-elementor-type=\"wp-page\" data-elementor-id=\"708\" class=\"elementor elementor-708\" data-elementor-post-type=\"page\">\n\t\t\t\t<div data-marvy_enable_drop_animation=\"false\" data-marvy_enable_fancy_rotate=\"false\" data-marvy_enable_flying_object=\"false\" data-marvy_enable_ripples_animation=\"false\" data-marvy_enable_waves_animation=\"false\" data-marvy_enable_rings_animation=\"false\" data-marvy_enable_topology_animation=\"false\" data-marvy_enable_gradient_animation=\"false\" data-marvy_enable_snow_animation=\"false\" data-marvy_enable_firework_animation=\"false\" data-marvy_enable_cloud_animation=\"false\" class=\"elementor-element elementor-element-492d1e09 e-flex e-con-boxed e-con e-parent\" data-id=\"492d1e09\" data-element_type=\"container\" data-e-type=\"container\" data-settings=\"{&quot;background_background&quot;:&quot;video&quot;,&quot;background_video_link&quot;:&quot;https:\\\/\\\/youtu.be\\\/pmFXv_pq0Vs&quot;}\">\n\t\t\t\t\t<div class=\"e-con-inner\">\n\t\t<div class=\"elementor-background-video-container elementor-hidden-mobile\">\n\t\t\t\t\t\t\t<div class=\"elementor-background-video-embed\" role=\"presentation\"><\/div>\n\t\t\t\t\t\t<\/div>\t\t<div class=\"elementor-element elementor-element-6f248550 elementor-widget__width-inherit elementor-widget elementor-widget-heading\" data-id=\"6f248550\" data-element_type=\"widget\" data-e-type=\"widget\" data-widget_type=\"heading.default\">\n\t\t\t\t\t<h1 class=\"elementor-heading-title elementor-size-default\">Tecnolog\u00eda InterAct<\/h1>\t\t\t\t<\/div>\n\t\t\t\t\t<\/div>\n\t\t\t\t<\/div>\n\t\t<div data-marvy_enable_drop_animation=\"false\" data-marvy_enable_fancy_rotate=\"false\" data-marvy_enable_flying_object=\"false\" data-marvy_enable_ripples_animation=\"false\" data-marvy_enable_waves_animation=\"false\" data-marvy_enable_rings_animation=\"false\" data-marvy_enable_topology_animation=\"false\" data-marvy_enable_gradient_animation=\"false\" data-marvy_enable_snow_animation=\"false\" data-marvy_enable_firework_animation=\"false\" data-marvy_enable_cloud_animation=\"false\" class=\"elementor-element elementor-element-4ceda4f1 e-flex e-con-boxed e-con e-parent\" data-id=\"4ceda4f1\" data-element_type=\"container\" data-e-type=\"container\" data-settings=\"{&quot;background_background&quot;:&quot;classic&quot;}\">\n\t\t\t\t\t<div class=\"e-con-inner\">\n\t\t\t\t<div class=\"elementor-element elementor-element-1b1865fe elementor-widget elementor-widget-text-editor\" data-id=\"1b1865fe\" data-element_type=\"widget\" data-e-type=\"widget\" data-widget_type=\"text-editor.default\">\n\t\t\t\t\t\t\t\t\t<h2 style=\"text-align: center;\"><b>Syndein: Tecnolog\u00eda Financiera para un Futuro Conectado<\/b><\/h2><p><span style=\"font-weight: 400;\">En <\/span><b>Syndein<\/b><span style=\"font-weight: 400;\">, desarrollamos soluciones de software de vanguardia basadas en un n\u00facleo transaccional confiable<\/span><span style=\"font-weight: 400;\">, estable, de alta disponibilidad, capaz de procesar altos vol\u00famenes transaccionales<\/span><span style=\"font-weight: 400;\">. Nuestra tecnolog\u00eda se especializa en robustecer informaci\u00f3n de diferentes canales y sistemas, permitiendo el procesamiento de operaciones en tiempo real y con total seguridad. Aplicamos los m\u00e1s altos esquemas de <\/span><span style=\"font-weight: 400;\">cifrado<\/span><span style=\"font-weight: 400;\"> para cumplir con todas las normativas legales, especialmente en el sector financiero.<\/span><\/p><p><span style=\"font-weight: 400;\">Nuestra arquitectura modular y nuestra expansi\u00f3n permite a las empresas desarrollarse de forma estable y efectiva. Para las instituciones de M\u00e9xico y Latinoam\u00e9rica, ofrecemos una ventaja adicional al comprender a fondo las caracter\u00edsticas de estos mercados.<\/span><\/p><p><span style=\"font-weight: 400;\"><strong>InterAct<\/strong>: La Soluci\u00f3n para Sus Transacciones <\/span><span style=\"font-weight: 400;\">en L\u00ednea y en Ti<\/span><span style=\"font-weight: 400;\">empo Real<\/span><\/p><p><span style=\"font-weight: 400;\">La tecnolog\u00eda <strong>InterAct<\/strong> facilita la integraci\u00f3n de sus aplicaciones empresariales en <\/span><span style=\"font-weight: 400;\">L\u00ednea y en<\/span><span style=\"font-weight: 400;\"> tiempo real. Esto permite la autorizaci\u00f3n y el enrutamiento de operaciones en una variedad de dispositivos, incluyendo Cajeros Autom\u00e1ticos (ATM), Puntos de Venta (POS) y dispositivos m\u00f3viles.<\/span><\/p><p><span style=\"font-weight: 400;\">Nuestras soluciones facilitan las transacciones electr\u00f3nicas tanto dentro de su empresa o <\/span><span style=\"font-weight: 400;\">Instituci\u00f3n<\/span><span style=\"font-weight: 400;\"> (entre sucursales <\/span><span style=\"font-weight: 400;\">o tiendas<\/span><span style=\"font-weight: 400;\"> y sistemas centrales), como con otras entidades. Soportamos diversas arquitecturas, incluyendo Internet, Extranet e Intranet, y modelos de interacci\u00f3n como B2B y B2C.<\/span><\/p><p><span style=\"font-weight: 400;\">Para instituciones financieras, nuestra tecnolog\u00eda hace posible el procesamiento seguro de transacciones, tanto de comercio electr\u00f3nico como de banca electr\u00f3nica, de igual forma en plataformas de autoservicio y banca m\u00f3vil, proporcionando una infraestructura de seguridad s\u00f3lida, a trav\u00e9s de la implementaci\u00f3n de <\/span><span style=\"font-weight: 400;\">TLS<\/span><span style=\"font-weight: 400;\">.<\/span><\/p><p><span style=\"font-weight: 400;\">Nuestras L\u00edneas de Productos<\/span><\/p><p><span style=\"font-weight: 400;\">De la tecnolog\u00eda <strong>InterAct<\/strong> se desprenden dos l\u00edneas principales de productos dise\u00f1adas para cubrir sus necesidades espec\u00edficas:<\/span><\/p><ul><li style=\"font-weight: 400;\" aria-level=\"1\"><span style=\"font-weight: 400;\">Productos <strong>InterAct Switch<\/strong><\/span><\/li><li style=\"font-weight: 400;\" aria-level=\"1\"><span style=\"font-weight: 400;\">Productos <strong>InterAct Router<\/strong><\/span><\/li><\/ul>\t\t\t\t\t\t\t\t<\/div>\n\t\t\t\t\t<\/div>\n\t\t\t\t<\/div>\n\t\t\t\t<\/div>\n\t\t","protected":false},"excerpt":{"rendered":"<p>Tecnolog\u00eda InterAct Syndein: Tecnolog\u00eda Financiera para un Futuro Conectado En Syndein, desarrollamos soluciones de software de vanguardia basadas en un n\u00facleo transaccional confiable, estable, de alta disponibilidad, capaz de procesar altos vol\u00famenes transaccionales. Nuestra tecnolog\u00eda se especializa en robustecer informaci\u00f3n de diferentes canales y sistemas, permitiendo el procesamiento de operaciones en tiempo real y con [&hellip;]<\/p>\n","protected":false},"author":1,"featured_media":0,"parent":0,"menu_order":0,"comment_status":"closed","ping_status":"closed","template":"","meta":{"footnotes":""},"class_list":["post-708","page","type-page","status-publish","hentry"],"_links":{"self":[{"href":"https:\/\/www.syndein.com.mx\/syn\/index.php\/wp-json\/wp\/v2\/pages\/708","targetHints":{"allow":["GET"]}}],"collection":[{"href":"https:\/\/www.syndein.com.mx\/syn\/index.php\/wp-json\/wp\/v2\/pages"}],"about":[{"href":"https:\/\/www.syndein.com.mx\/syn\/index.php\/wp-json\/wp\/v2\/types\/page"}],"author":[{"embeddable":true,"href":"https:\/\/www.syndein.com.mx\/syn\/index.php\/wp-json\/wp\/v2\/users\/1"}],"replies":[{"embeddable":true,"href":"https:\/\/www.syndein.com.mx\/syn\/index.php\/wp-json\/wp\/v2\/comments?post=708"}],"version-history":[{"count":7,"href":"https:\/\/www.syndein.com.mx\/syn\/index.php\/wp-json\/wp\/v2\/pages\/708\/revisions"}],"predecessor-version":[{"id":956,"href":"https:\/\/www.syndein.com.mx\/syn\/index.php\/wp-json\/wp\/v2\/pages\/708\/revisions\/956"}],"wp:attachment":[{"href":"https:\/\/www.syndein.com.mx\/syn\/index.php\/wp-json\/wp\/v2\/media?parent=708"}],"curies":[{"name":"wp","href":"https:\/\/api.w.org\/{rel}","templated":true}]}}