{"id":702,"date":"2026-01-13T11:45:44","date_gmt":"2026-01-13T10:45:44","guid":{"rendered":"https:\/\/www.syndein.com.mx\/syn\/index.php\/banca-telefonica\/"},"modified":"2026-01-14T03:30:12","modified_gmt":"2026-01-14T02:30:12","slug":"banca-telefonica","status":"publish","type":"page","link":"https:\/\/www.syndein.com.mx\/syn\/index.php\/banca-telefonica\/","title":{"rendered":"Banca Telef\u00f3nica"},"content":{"rendered":"<style>.elementor-702 .elementor-element.elementor-element-24819a24{--display:flex;--flex-direction:row;--container-widget-width:initial;--container-widget-height:100%;--container-widget-flex-grow:1;--container-widget-align-self:stretch;--flex-wrap-mobile:wrap;--margin-top:0px;--margin-bottom:0px;--margin-left:0px;--margin-right:0px;--padding-top:40px;--padding-bottom:40px;--padding-left:40px;--padding-right:40px;}.elementor-702 .elementor-element.elementor-element-24819a24:not(.elementor-motion-effects-element-type-background), .elementor-702 .elementor-element.elementor-element-24819a24 > .elementor-motion-effects-container > .elementor-motion-effects-layer{background-color:var( --e-global-color-secondary );}.elementor-widget-heading .elementor-heading-title{font-family:var( --e-global-typography-primary-font-family ), Square;font-size:var( --e-global-typography-primary-font-size );font-weight:var( --e-global-typography-primary-font-weight );font-style:var( --e-global-typography-primary-font-style );line-height:var( --e-global-typography-primary-line-height );letter-spacing:var( --e-global-typography-primary-letter-spacing );color:var( --e-global-color-primary );}.elementor-702 .elementor-element.elementor-element-2f39fb25{text-align:center;width:100%;max-width:100%;}.elementor-702 .elementor-element.elementor-element-2f39fb25 .elementor-heading-title{font-family:var( --e-global-typography-primary-font-family ), Square;font-size:var( --e-global-typography-primary-font-size );font-weight:var( --e-global-typography-primary-font-weight );font-style:var( --e-global-typography-primary-font-style );line-height:var( --e-global-typography-primary-line-height );letter-spacing:var( --e-global-typography-primary-letter-spacing );text-shadow:0px 0px 10px rgba(0,0,0,0.3);color:var( --e-global-color-secondary );}.elementor-702 .elementor-element.elementor-element-51f2256c{--display:flex;--flex-direction:row;--container-widget-width:initial;--container-widget-height:100%;--container-widget-flex-grow:1;--container-widget-align-self:stretch;--flex-wrap-mobile:wrap;}.elementor-702 .elementor-element.elementor-element-51f2256c:not(.elementor-motion-effects-element-type-background), .elementor-702 .elementor-element.elementor-element-51f2256c > .elementor-motion-effects-container > .elementor-motion-effects-layer{background-color:transparent;background-image:linear-gradient(180deg, #000000 0%, #FFFFFF 6%);}.elementor-widget-text-editor{font-family:var( --e-global-typography-text-font-family ), Square;font-size:var( --e-global-typography-text-font-size );font-weight:var( --e-global-typography-text-font-weight );line-height:var( --e-global-typography-text-line-height );letter-spacing:var( --e-global-typography-text-letter-spacing );word-spacing:var( --e-global-typography-text-word-spacing );color:var( --e-global-color-text );}.elementor-widget-text-editor.elementor-drop-cap-view-stacked .elementor-drop-cap{background-color:var( --e-global-color-primary );}.elementor-widget-text-editor.elementor-drop-cap-view-framed .elementor-drop-cap, .elementor-widget-text-editor.elementor-drop-cap-view-default .elementor-drop-cap{color:var( --e-global-color-primary );border-color:var( --e-global-color-primary );}.elementor-702 .elementor-element.elementor-element-224bfff3{text-align:justify;font-family:var( --e-global-typography-text-font-family ), Square;font-size:var( --e-global-typography-text-font-size );font-weight:var( --e-global-typography-text-font-weight );line-height:var( --e-global-typography-text-line-height );letter-spacing:var( --e-global-typography-text-letter-spacing );word-spacing:var( --e-global-typography-text-word-spacing );color:var( --e-global-color-primary );}:root{--page-title-display:none;}@media(max-width:1024px){.elementor-widget-heading .elementor-heading-title{font-size:var( --e-global-typography-primary-font-size );line-height:var( --e-global-typography-primary-line-height );letter-spacing:var( --e-global-typography-primary-letter-spacing );}.elementor-702 .elementor-element.elementor-element-2f39fb25 .elementor-heading-title{font-size:var( --e-global-typography-primary-font-size );line-height:var( --e-global-typography-primary-line-height );letter-spacing:var( --e-global-typography-primary-letter-spacing );}.elementor-widget-text-editor{font-size:var( --e-global-typography-text-font-size );line-height:var( --e-global-typography-text-line-height );letter-spacing:var( --e-global-typography-text-letter-spacing );word-spacing:var( --e-global-typography-text-word-spacing );}.elementor-702 .elementor-element.elementor-element-224bfff3{font-size:var( --e-global-typography-text-font-size );line-height:var( --e-global-typography-text-line-height );letter-spacing:var( --e-global-typography-text-letter-spacing );word-spacing:var( --e-global-typography-text-word-spacing );}}@media(max-width:767px){.elementor-widget-heading .elementor-heading-title{font-size:var( --e-global-typography-primary-font-size );line-height:var( --e-global-typography-primary-line-height );letter-spacing:var( --e-global-typography-primary-letter-spacing );}.elementor-702 .elementor-element.elementor-element-2f39fb25 .elementor-heading-title{font-size:var( --e-global-typography-primary-font-size );line-height:var( --e-global-typography-primary-line-height );letter-spacing:var( --e-global-typography-primary-letter-spacing );}.elementor-widget-text-editor{font-size:var( --e-global-typography-text-font-size );line-height:var( --e-global-typography-text-line-height );letter-spacing:var( --e-global-typography-text-letter-spacing );word-spacing:var( --e-global-typography-text-word-spacing );}.elementor-702 .elementor-element.elementor-element-224bfff3{font-size:var( --e-global-typography-text-font-size );line-height:var( --e-global-typography-text-line-height );letter-spacing:var( --e-global-typography-text-letter-spacing );word-spacing:var( --e-global-typography-text-word-spacing );}}<\/style>\t\t<div data-elementor-type=\"wp-page\" data-elementor-id=\"702\" class=\"elementor elementor-702\" data-elementor-post-type=\"page\">\n\t\t\t\t<div data-marvy_enable_drop_animation=\"false\" data-marvy_enable_fancy_rotate=\"false\" data-marvy_enable_flying_object=\"false\" data-marvy_enable_ripples_animation=\"false\" data-marvy_enable_waves_animation=\"false\" data-marvy_enable_rings_animation=\"false\" data-marvy_enable_topology_animation=\"false\" data-marvy_enable_gradient_animation=\"false\" data-marvy_enable_snow_animation=\"false\" data-marvy_enable_firework_animation=\"false\" data-marvy_enable_cloud_animation=\"false\" class=\"elementor-element elementor-element-24819a24 e-flex e-con-boxed e-con e-parent\" data-id=\"24819a24\" data-element_type=\"container\" data-e-type=\"container\" data-settings=\"{&quot;background_background&quot;:&quot;video&quot;,&quot;background_video_link&quot;:&quot;https:\\\/\\\/youtu.be\\\/3XYgP0GmJ9c&quot;}\">\n\t\t\t\t\t<div class=\"e-con-inner\">\n\t\t<div class=\"elementor-background-video-container elementor-hidden-mobile\">\n\t\t\t\t\t\t\t<div class=\"elementor-background-video-embed\" role=\"presentation\"><\/div>\n\t\t\t\t\t\t<\/div>\t\t<div class=\"elementor-element elementor-element-2f39fb25 elementor-widget__width-inherit elementor-widget elementor-widget-heading\" data-id=\"2f39fb25\" data-element_type=\"widget\" data-e-type=\"widget\" data-widget_type=\"heading.default\">\n\t\t\t\t\t<h2 class=\"elementor-heading-title elementor-size-default\">BANCA TELEF\u00d3NICA<\/h2>\t\t\t\t<\/div>\n\t\t\t\t\t<\/div>\n\t\t\t\t<\/div>\n\t\t<div data-marvy_enable_drop_animation=\"false\" data-marvy_enable_fancy_rotate=\"false\" data-marvy_enable_flying_object=\"false\" data-marvy_enable_ripples_animation=\"false\" data-marvy_enable_waves_animation=\"false\" data-marvy_enable_rings_animation=\"false\" data-marvy_enable_topology_animation=\"false\" data-marvy_enable_gradient_animation=\"false\" data-marvy_enable_snow_animation=\"false\" data-marvy_enable_firework_animation=\"false\" data-marvy_enable_cloud_animation=\"false\" class=\"elementor-element elementor-element-51f2256c e-flex e-con-boxed e-con e-parent\" data-id=\"51f2256c\" data-element_type=\"container\" data-e-type=\"container\" data-settings=\"{&quot;background_background&quot;:&quot;gradient&quot;}\">\n\t\t\t\t\t<div class=\"e-con-inner\">\n\t\t\t\t<div class=\"elementor-element elementor-element-224bfff3 elementor-widget elementor-widget-text-editor\" data-id=\"224bfff3\" data-element_type=\"widget\" data-e-type=\"widget\" data-widget_type=\"text-editor.default\">\n\t\t\t\t\t\t\t\t\t<h2 style=\"text-align: center;\">\u00a0<\/h2><h2 style=\"text-align: center;\"><strong>Procesamiento de Operaciones en Banca Telef\u00f3nica<\/strong><\/h2><p><span style=\"font-weight: 400;\">Las plataformas de autoservicio, as\u00ed como <\/span><span style=\"font-weight: 400;\">los Sistemas Interactivos de Respuesta de Voz<\/span><span style=\"font-weight: 400;\"> (<\/span><b>IVR<\/b><span style=\"font-weight: 400;\">), se han vuelto fundamentales para que los clientes realicen transacciones bancarias de forma aut\u00f3noma. Con el tiempo, la variedad de servicios disponibles en estos canales ha crecido, abarcando desde consultas de saldo, <\/span><span style=\"font-weight: 400;\">cambio\/validaci\u00f3n de NIP<\/span><span style=\"font-weight: 400;\"> y movimientos, hasta transferencias entre cuentas.<\/span><\/p><p><span style=\"font-weight: 400;\">Estos sistemas operan <\/span><span style=\"font-weight: 400;\">7 x 24 x 365<\/span><span style=\"font-weight: 400;\"> y no solo necesitan conectarse con los sistemas centrales del banco, para ejecutar las operaciones, sino que tambi\u00e9n deben completar rigurosos protocolos de seguridad, <\/span><span style=\"font-weight: 400;\">como la validaci\u00f3n de claves y la autenticaci\u00f3n del usuario, con algoritmos de cifrado y\/o con equipos de seguridad (HSM)<\/span><span style=\"font-weight: 400;\">. Una experiencia transaccional fluida y segura en estos canales, es clave para la satisfacci\u00f3n y fidelizaci\u00f3n de los clientes.<\/span><\/p><p><span style=\"font-weight: 400;\">Nuestra soluci\u00f3n, <\/span><b>InterAct Router<\/b><span style=\"font-weight: 400;\">, se integra perfectamente con las plataformas IVR. Facilita la comunicaci\u00f3n segura y eficiente, permitiendo no solo el intercambio de informaci\u00f3n, sino tambi\u00e9n <\/span><span style=\"font-weight: 400;\">el procesamiento<\/span><span style=\"font-weight: 400;\"> de todas las condiciones de seguridad necesarias, para que las transacciones se realicen de manera veloz y confiable.<\/span><b>\u00a0<\/b><\/p>\t\t\t\t\t\t\t\t<\/div>\n\t\t\t\t\t<\/div>\n\t\t\t\t<\/div>\n\t\t\t\t<\/div>\n\t\t","protected":false},"excerpt":{"rendered":"<p>BANCA TELEF\u00d3NICA \u00a0 Procesamiento de Operaciones en Banca Telef\u00f3nica Las plataformas de autoservicio, as\u00ed como los Sistemas Interactivos de Respuesta de Voz (IVR), se han vuelto fundamentales para que los clientes realicen transacciones bancarias de forma aut\u00f3noma. Con el tiempo, la variedad de servicios disponibles en estos canales ha crecido, abarcando desde consultas de saldo, [&hellip;]<\/p>\n","protected":false},"author":1,"featured_media":0,"parent":0,"menu_order":0,"comment_status":"closed","ping_status":"closed","template":"","meta":{"footnotes":""},"class_list":["post-702","page","type-page","status-publish","hentry"],"_links":{"self":[{"href":"https:\/\/www.syndein.com.mx\/syn\/index.php\/wp-json\/wp\/v2\/pages\/702","targetHints":{"allow":["GET"]}}],"collection":[{"href":"https:\/\/www.syndein.com.mx\/syn\/index.php\/wp-json\/wp\/v2\/pages"}],"about":[{"href":"https:\/\/www.syndein.com.mx\/syn\/index.php\/wp-json\/wp\/v2\/types\/page"}],"author":[{"embeddable":true,"href":"https:\/\/www.syndein.com.mx\/syn\/index.php\/wp-json\/wp\/v2\/users\/1"}],"replies":[{"embeddable":true,"href":"https:\/\/www.syndein.com.mx\/syn\/index.php\/wp-json\/wp\/v2\/comments?post=702"}],"version-history":[{"count":7,"href":"https:\/\/www.syndein.com.mx\/syn\/index.php\/wp-json\/wp\/v2\/pages\/702\/revisions"}],"predecessor-version":[{"id":923,"href":"https:\/\/www.syndein.com.mx\/syn\/index.php\/wp-json\/wp\/v2\/pages\/702\/revisions\/923"}],"wp:attachment":[{"href":"https:\/\/www.syndein.com.mx\/syn\/index.php\/wp-json\/wp\/v2\/media?parent=702"}],"curies":[{"name":"wp","href":"https:\/\/api.w.org\/{rel}","templated":true}]}}