{"id":696,"date":"2026-01-13T11:45:44","date_gmt":"2026-01-13T10:45:44","guid":{"rendered":"https:\/\/www.syndein.com.mx\/syn\/index.php\/interact-router\/"},"modified":"2026-01-14T22:48:54","modified_gmt":"2026-01-14T21:48:54","slug":"interact-router","status":"publish","type":"page","link":"https:\/\/www.syndein.com.mx\/syn\/index.php\/interact-router\/","title":{"rendered":"InterAct Router"},"content":{"rendered":"<style>.elementor-696 .elementor-element.elementor-element-7efa5a19{--display:flex;--flex-direction:row;--container-widget-width:initial;--container-widget-height:100%;--container-widget-flex-grow:1;--container-widget-align-self:stretch;--flex-wrap-mobile:wrap;--padding-top:50px;--padding-bottom:50px;--padding-left:50px;--padding-right:50px;}.elementor-696 .elementor-element.elementor-element-7efa5a19:not(.elementor-motion-effects-element-type-background), .elementor-696 .elementor-element.elementor-element-7efa5a19 > .elementor-motion-effects-container > .elementor-motion-effects-layer{background:url(\"https:\/\/www.syndein.com.mx\/syn\/wp-content\/uploads\/2026\/01\/Gemini_Generated_Image_7039xp7039xp7039.png\") 50% 50%;background-size:cover;}.elementor-696 .elementor-element.elementor-element-ed00fd0{--display:flex;}.elementor-widget-heading .elementor-heading-title{font-family:var( --e-global-typography-primary-font-family ), Square;font-size:var( --e-global-typography-primary-font-size );font-weight:var( --e-global-typography-primary-font-weight );font-style:var( --e-global-typography-primary-font-style );line-height:var( --e-global-typography-primary-line-height );letter-spacing:var( --e-global-typography-primary-letter-spacing );color:var( --e-global-color-primary );}.elementor-696 .elementor-element.elementor-element-53adf7aa{text-align:center;margin:15px 15px calc(var(--kit-widget-spacing, 0px) + 15px) 15px;padding:15px 15px 15px 15px;}.elementor-696 .elementor-element.elementor-element-53adf7aa .elementor-heading-title{font-family:\"eurostile\", Square;font-size:4em;font-weight:900;font-style:normal;line-height:70px;letter-spacing:2.5px;color:var( --e-global-color-secondary );}.elementor-696 .elementor-element.elementor-element-16d5caa1{--display:flex;--flex-direction:row;--container-widget-width:initial;--container-widget-height:100%;--container-widget-flex-grow:1;--container-widget-align-self:stretch;--flex-wrap-mobile:wrap;}.elementor-696 .elementor-element.elementor-element-16d5caa1:not(.elementor-motion-effects-element-type-background), .elementor-696 .elementor-element.elementor-element-16d5caa1 > .elementor-motion-effects-container > .elementor-motion-effects-layer{background-color:var( --e-global-color-secondary );}.elementor-widget-text-editor{font-family:var( --e-global-typography-text-font-family ), Square;font-size:var( --e-global-typography-text-font-size );font-weight:var( --e-global-typography-text-font-weight );line-height:var( --e-global-typography-text-line-height );letter-spacing:var( --e-global-typography-text-letter-spacing );word-spacing:var( --e-global-typography-text-word-spacing );color:var( --e-global-color-text );}.elementor-widget-text-editor.elementor-drop-cap-view-stacked .elementor-drop-cap{background-color:var( --e-global-color-primary );}.elementor-widget-text-editor.elementor-drop-cap-view-framed .elementor-drop-cap, .elementor-widget-text-editor.elementor-drop-cap-view-default .elementor-drop-cap{color:var( --e-global-color-primary );border-color:var( --e-global-color-primary );}.elementor-696 .elementor-element.elementor-element-5ea702fa{font-family:var( --e-global-typography-text-font-family ), Square;font-size:var( --e-global-typography-text-font-size );font-weight:var( --e-global-typography-text-font-weight );line-height:var( --e-global-typography-text-line-height );letter-spacing:var( --e-global-typography-text-letter-spacing );word-spacing:var( --e-global-typography-text-word-spacing );color:var( --e-global-color-primary );}.elementor-696 .elementor-element.elementor-element-2dbf4d7e{--display:flex;}:root{--page-title-display:none;}@media(max-width:1024px){.elementor-widget-heading .elementor-heading-title{font-size:var( --e-global-typography-primary-font-size );line-height:var( --e-global-typography-primary-line-height );letter-spacing:var( --e-global-typography-primary-letter-spacing );}.elementor-696 .elementor-element.elementor-element-53adf7aa .elementor-heading-title{font-size:1em;line-height:1.1em;}.elementor-widget-text-editor{font-size:var( --e-global-typography-text-font-size );line-height:var( --e-global-typography-text-line-height );letter-spacing:var( --e-global-typography-text-letter-spacing );word-spacing:var( --e-global-typography-text-word-spacing );}.elementor-696 .elementor-element.elementor-element-5ea702fa{font-size:var( --e-global-typography-text-font-size );line-height:var( --e-global-typography-text-line-height );letter-spacing:var( --e-global-typography-text-letter-spacing );word-spacing:var( --e-global-typography-text-word-spacing );}}@media(max-width:767px){.elementor-widget-heading .elementor-heading-title{font-size:var( --e-global-typography-primary-font-size );line-height:var( --e-global-typography-primary-line-height );letter-spacing:var( --e-global-typography-primary-letter-spacing );}.elementor-696 .elementor-element.elementor-element-53adf7aa .elementor-heading-title{font-size:2.5em;line-height:1.1em;}.elementor-widget-text-editor{font-size:var( --e-global-typography-text-font-size );line-height:var( --e-global-typography-text-line-height );letter-spacing:var( --e-global-typography-text-letter-spacing );word-spacing:var( --e-global-typography-text-word-spacing );}.elementor-696 .elementor-element.elementor-element-5ea702fa{font-size:var( --e-global-typography-text-font-size );line-height:var( --e-global-typography-text-line-height );letter-spacing:var( --e-global-typography-text-letter-spacing );word-spacing:var( --e-global-typography-text-word-spacing );}}<\/style>\t\t<div data-elementor-type=\"wp-page\" data-elementor-id=\"696\" class=\"elementor elementor-696\" data-elementor-post-type=\"page\">\n\t\t\t\t<div data-marvy_enable_drop_animation=\"false\" data-marvy_enable_fancy_rotate=\"false\" data-marvy_enable_flying_object=\"false\" data-marvy_enable_ripples_animation=\"false\" data-marvy_enable_waves_animation=\"false\" data-marvy_enable_rings_animation=\"false\" data-marvy_enable_topology_animation=\"false\" data-marvy_enable_gradient_animation=\"false\" data-marvy_enable_snow_animation=\"false\" data-marvy_enable_firework_animation=\"false\" data-marvy_enable_cloud_animation=\"false\" class=\"elementor-element elementor-element-7efa5a19 e-flex e-con-boxed e-con e-parent\" data-id=\"7efa5a19\" data-element_type=\"container\" data-e-type=\"container\" data-settings=\"{&quot;background_background&quot;:&quot;video&quot;,&quot;background_video_link&quot;:&quot;https:\\\/\\\/youtu.be\\\/8M_W2yWdlSU&quot;}\">\n\t\t\t\t\t<div class=\"e-con-inner\">\n\t\t<div class=\"elementor-background-video-container elementor-hidden-mobile\">\n\t\t\t\t\t\t\t<div class=\"elementor-background-video-embed\" role=\"presentation\"><\/div>\n\t\t\t\t\t\t<\/div><div data-marvy_enable_drop_animation=\"false\" data-marvy_enable_fancy_rotate=\"false\" data-marvy_enable_flying_object=\"false\" data-marvy_enable_ripples_animation=\"false\" data-marvy_enable_waves_animation=\"false\" data-marvy_enable_rings_animation=\"false\" data-marvy_enable_topology_animation=\"false\" data-marvy_enable_gradient_animation=\"false\" data-marvy_enable_snow_animation=\"false\" data-marvy_enable_firework_animation=\"false\" data-marvy_enable_cloud_animation=\"false\" class=\"elementor-element elementor-element-ed00fd0 e-con-full e-flex e-con e-child\" data-id=\"ed00fd0\" data-element_type=\"container\" data-e-type=\"container\">\n\t\t\t\t<div class=\"elementor-element elementor-element-53adf7aa elementor-widget elementor-widget-heading\" data-id=\"53adf7aa\" data-element_type=\"widget\" data-e-type=\"widget\" data-widget_type=\"heading.default\">\n\t\t\t\t\t<h1 class=\"elementor-heading-title elementor-size-default\">InterAct Router<\/h1>\t\t\t\t<\/div>\n\t\t\t\t<\/div>\n\t\t\t\t\t<\/div>\n\t\t\t\t<\/div>\n\t\t<div data-marvy_enable_drop_animation=\"false\" data-marvy_enable_fancy_rotate=\"false\" data-marvy_enable_flying_object=\"false\" data-marvy_enable_ripples_animation=\"false\" data-marvy_enable_waves_animation=\"false\" data-marvy_enable_rings_animation=\"false\" data-marvy_enable_topology_animation=\"false\" data-marvy_enable_gradient_animation=\"false\" data-marvy_enable_snow_animation=\"false\" data-marvy_enable_firework_animation=\"false\" data-marvy_enable_cloud_animation=\"false\" class=\"elementor-element elementor-element-16d5caa1 e-flex e-con-boxed e-con e-parent\" data-id=\"16d5caa1\" data-element_type=\"container\" data-e-type=\"container\" data-settings=\"{&quot;background_background&quot;:&quot;classic&quot;}\">\n\t\t\t\t\t<div class=\"e-con-inner\">\n\t\t\t\t<div class=\"elementor-element elementor-element-5ea702fa elementor-widget elementor-widget-text-editor\" data-id=\"5ea702fa\" data-element_type=\"widget\" data-e-type=\"widget\" data-widget_type=\"text-editor.default\">\n\t\t\t\t\t\t\t\t\t<h2 style=\"text-align: center;\">\u00a0<\/h2><h2 style=\"text-align: center;\"><b>LA SOLUCI\u00d3N PARA LA INTEGRACI\u00d3N DE SISTEMAS<\/b><\/h2><p><span style=\"font-weight: 400;\"><strong>InterAct Router<\/strong>, es la tecnolog\u00eda clave, que hace posible una comunicaci\u00f3n fluida y resguardada entre los diferentes sistemas empresariales. Opera como un \u00abenrutador de mensajes\u00bb intuitivo, recibiendo, identificando y enviando transacciones de un punto a otro, autom\u00e1tica y eficientemente, seg\u00fan las reglas establecidas. <\/span><span style=\"font-weight: 400;\">Los mensajes son intercambiados en forma segura, mediante diferentes mecanismos de cifrado, basados en est\u00e1ndares internacionales.<\/span><span style=\"font-weight: 400;\">\u00a0<\/span><\/p><p><span style=\"font-weight: 400;\">Esta soluci\u00f3n facilita a las empresas la integraci\u00f3n de sistemas<\/span>\u00a0<span style=\"font-weight: 400;\">legados (\u00abLegacy\u00bb)<\/span><span style=\"font-weight: 400;\">, con tecnolog\u00edas m\u00e1s modernas, disminuyendo significativamente los tiempos de ejecuci\u00f3n y la complejidad de los procesos.<\/span><\/p><h3 style=\"text-align: center;\"><b>Seguridad y Eficiencia en cada Transacci\u00f3n.<\/b><\/h3><p><b>InterAct Router<\/b><span style=\"font-weight: 400;\"> garantiza que todos los mensajes y la informaci\u00f3n que se comparten, viajen de forma segura a trav\u00e9s de <\/span><b>cifrado robusto<\/b><span style=\"font-weight: 400;\">. Esta caracter\u00edstica no solo protege los datos, sino que tambi\u00e9n ayuda a las instituciones financieras a cumplir con las regulaciones gubernamentales <\/span><span style=\"font-weight: 400;\">y de la industria<\/span><span style=\"font-weight: 400;\">, asegurando una operaci\u00f3n confiable.<\/span><\/p><p><span style=\"font-weight: 400;\">Adem\u00e1s, nuestra soluci\u00f3n contiene un componente vital, <\/span><b>InterAPI<\/b><span style=\"font-weight: 400;\">, que <\/span><span style=\"font-weight: 400;\">permite<\/span><span style=\"font-weight: 400;\"> a cualquier programa, dispositivo o sistema, conectarse y emplear <\/span><span style=\"font-weight: 400;\">el canal transaccional de InterAct Router<\/span><span style=\"font-weight: 400;\">, para el intercambio de mensajes de manera sencilla. <\/span><span style=\"font-weight: 400;\">Interact\u00faa con tecnolog\u00edas de servicios Web REST y SOAP, as\u00ed como, estilos arquitect\u00f3nicos como Microservicios y otros mecanismos de Middleware.<\/span><span style=\"font-weight: 400;\">\u00a0 <\/span><\/p><h3 style=\"text-align: center;\"><b>Integraci\u00f3n de Tecnolog\u00eda sin L\u00edmites.<\/b><\/h3><p><span style=\"font-weight: 400;\">En este din\u00e1mico universo empresarial, la integraci\u00f3n de sistemas se hace primordial. Ya sea por fusiones de empresas, la necesidad de conectar aplicaciones de diferentes generaciones, o la integraci\u00f3n de datos como documentos, <\/span><span style=\"font-weight: 400;\">im\u00e1genes<\/span><span style=\"font-weight: 400;\">, voz y audio. <\/span><b>InterAct Router<\/b> <span style=\"font-weight: 400;\">es<\/span><span style=\"font-weight: 400;\"> una herramienta confiable para intercambiar informaci\u00f3n de todo tipo, siempre con la m\u00e1xima seguridad. <\/span><b>InterAct Router<\/b><span style=\"font-weight: 400;\"> es la respuesta a estos desaf\u00edos.<\/span><\/p><p><span style=\"font-weight: 400;\">A trav\u00e9s de sus M\u00f3dulos de:\u00a0<\/span><b>InterISO<\/b><b><i>,\u00a0<\/i><\/b><b>InterDBI<\/b><b><i>,\u00a0<\/i><\/b><b>InterIMAGE<\/b><b><i>,\u00a0<\/i><\/b><span style=\"font-weight: 400;\">ofrecemos las siguientes soluciones de procesamiento de transacciones:<\/span><\/p><ul><li style=\"font-weight: 400;\" aria-level=\"1\"><b>Entre Sucursales Bancarias y Sistemas Centrales.<\/b><\/li><li style=\"font-weight: 400;\" aria-level=\"1\"><b>Banca Electr\u00f3nica.<\/b><\/li><li style=\"font-weight: 400;\" aria-level=\"1\"><b>Banca Telef\u00f3nica.<\/b><\/li><li style=\"font-weight: 400;\" aria-level=\"1\"><b>Desde y Hacia Sistemas Legacy.<\/b><\/li><li style=\"font-weight: 400;\" aria-level=\"1\"><b>M\u00faltiples Portales Web.<\/b><\/li><\/ul>\t\t\t\t\t\t\t\t<\/div>\n\t\t\t\t\t<\/div>\n\t\t\t\t<\/div>\n\t\t<div data-marvy_enable_drop_animation=\"false\" data-marvy_enable_fancy_rotate=\"false\" data-marvy_enable_flying_object=\"false\" data-marvy_enable_ripples_animation=\"false\" data-marvy_enable_waves_animation=\"false\" data-marvy_enable_rings_animation=\"false\" data-marvy_enable_topology_animation=\"false\" data-marvy_enable_gradient_animation=\"false\" data-marvy_enable_snow_animation=\"false\" data-marvy_enable_firework_animation=\"false\" data-marvy_enable_cloud_animation=\"false\" class=\"elementor-element elementor-element-2dbf4d7e e-flex e-con-boxed e-con e-parent\" data-id=\"2dbf4d7e\" data-element_type=\"container\" data-e-type=\"container\">\n\t\t\t\t\t<div class=\"e-con-inner\">\n\t\t\t\t\t<\/div>\n\t\t\t\t<\/div>\n\t\t\t\t<\/div>\n\t\t","protected":false},"excerpt":{"rendered":"<p>InterAct Router \u00a0 LA SOLUCI\u00d3N PARA LA INTEGRACI\u00d3N DE SISTEMAS InterAct Router, es la tecnolog\u00eda clave, que hace posible una comunicaci\u00f3n fluida y resguardada entre los diferentes sistemas empresariales. Opera como un \u00abenrutador de mensajes\u00bb intuitivo, recibiendo, identificando y enviando transacciones de un punto a otro, autom\u00e1tica y eficientemente, seg\u00fan las reglas establecidas. Los mensajes [&hellip;]<\/p>\n","protected":false},"author":1,"featured_media":0,"parent":0,"menu_order":0,"comment_status":"closed","ping_status":"closed","template":"","meta":{"footnotes":""},"class_list":["post-696","page","type-page","status-publish","hentry"],"_links":{"self":[{"href":"https:\/\/www.syndein.com.mx\/syn\/index.php\/wp-json\/wp\/v2\/pages\/696","targetHints":{"allow":["GET"]}}],"collection":[{"href":"https:\/\/www.syndein.com.mx\/syn\/index.php\/wp-json\/wp\/v2\/pages"}],"about":[{"href":"https:\/\/www.syndein.com.mx\/syn\/index.php\/wp-json\/wp\/v2\/types\/page"}],"author":[{"embeddable":true,"href":"https:\/\/www.syndein.com.mx\/syn\/index.php\/wp-json\/wp\/v2\/users\/1"}],"replies":[{"embeddable":true,"href":"https:\/\/www.syndein.com.mx\/syn\/index.php\/wp-json\/wp\/v2\/comments?post=696"}],"version-history":[{"count":10,"href":"https:\/\/www.syndein.com.mx\/syn\/index.php\/wp-json\/wp\/v2\/pages\/696\/revisions"}],"predecessor-version":[{"id":1038,"href":"https:\/\/www.syndein.com.mx\/syn\/index.php\/wp-json\/wp\/v2\/pages\/696\/revisions\/1038"}],"wp:attachment":[{"href":"https:\/\/www.syndein.com.mx\/syn\/index.php\/wp-json\/wp\/v2\/media?parent=696"}],"curies":[{"name":"wp","href":"https:\/\/api.w.org\/{rel}","templated":true}]}}