{"id":681,"date":"2026-01-13T11:45:44","date_gmt":"2026-01-13T10:45:44","guid":{"rendered":"https:\/\/www.syndein.com.mx\/syn\/index.php\/productos\/"},"modified":"2026-01-14T02:54:59","modified_gmt":"2026-01-14T01:54:59","slug":"productos","status":"publish","type":"page","link":"https:\/\/www.syndein.com.mx\/syn\/index.php\/productos\/","title":{"rendered":"Productos"},"content":{"rendered":"<style>.elementor-681 .elementor-element.elementor-element-39140a50{--display:flex;--flex-direction:row;--container-widget-width:initial;--container-widget-height:100%;--container-widget-flex-grow:1;--container-widget-align-self:stretch;--flex-wrap-mobile:wrap;}.elementor-widget-heading .elementor-heading-title{font-family:var( --e-global-typography-primary-font-family ), Square;font-size:var( --e-global-typography-primary-font-size );font-weight:var( --e-global-typography-primary-font-weight );font-style:var( --e-global-typography-primary-font-style );line-height:var( --e-global-typography-primary-line-height );letter-spacing:var( --e-global-typography-primary-letter-spacing );color:var( --e-global-color-primary );}.elementor-681 .elementor-element.elementor-element-478a70b2{text-align:center;width:100%;max-width:100%;}.elementor-681 .elementor-element.elementor-element-478a70b2 .elementor-heading-title{font-family:var( --e-global-typography-primary-font-family ), Square;font-size:var( --e-global-typography-primary-font-size );font-weight:var( --e-global-typography-primary-font-weight );font-style:var( --e-global-typography-primary-font-style );line-height:var( --e-global-typography-primary-line-height );letter-spacing:var( --e-global-typography-primary-letter-spacing );}.elementor-681 .elementor-element.elementor-element-7ce843af{--display:flex;--flex-direction:row;--container-widget-width:initial;--container-widget-height:100%;--container-widget-flex-grow:1;--container-widget-align-self:stretch;--flex-wrap-mobile:wrap;}.elementor-681 .elementor-element.elementor-element-946479e{text-align:center;margin:15px 15px calc(var(--kit-widget-spacing, 0px) + 15px) 15px;padding:40px 40px 40px 40px;width:100%;max-width:100%;}.elementor-681 .elementor-element.elementor-element-946479e .elementor-heading-title{font-family:var( --e-global-typography-primary-font-family ), Square;font-size:var( --e-global-typography-primary-font-size );font-weight:var( --e-global-typography-primary-font-weight );font-style:var( --e-global-typography-primary-font-style );line-height:var( --e-global-typography-primary-line-height );letter-spacing:var( --e-global-typography-primary-letter-spacing );text-shadow:0px 0px 10px #000000;color:var( --e-global-color-secondary );}.elementor-681 .elementor-element.elementor-element-69c57bfa{--display:flex;--flex-direction:row;--container-widget-width:initial;--container-widget-height:100%;--container-widget-flex-grow:1;--container-widget-align-self:stretch;--flex-wrap-mobile:wrap;}.elementor-widget-text-editor{font-family:var( --e-global-typography-text-font-family ), Square;font-size:var( --e-global-typography-text-font-size );font-weight:var( --e-global-typography-text-font-weight );line-height:var( --e-global-typography-text-line-height );letter-spacing:var( --e-global-typography-text-letter-spacing );word-spacing:var( --e-global-typography-text-word-spacing );color:var( --e-global-color-text );}.elementor-widget-text-editor.elementor-drop-cap-view-stacked .elementor-drop-cap{background-color:var( --e-global-color-primary );}.elementor-widget-text-editor.elementor-drop-cap-view-framed .elementor-drop-cap, .elementor-widget-text-editor.elementor-drop-cap-view-default .elementor-drop-cap{color:var( --e-global-color-primary );border-color:var( --e-global-color-primary );}.elementor-681 .elementor-element.elementor-element-30825ece{font-family:var( --e-global-typography-text-font-family ), Square;font-size:var( --e-global-typography-text-font-size );font-weight:var( --e-global-typography-text-font-weight );line-height:var( --e-global-typography-text-line-height );letter-spacing:var( --e-global-typography-text-letter-spacing );word-spacing:var( --e-global-typography-text-word-spacing );color:var( --e-global-color-primary );}.elementor-681 .elementor-element.elementor-element-6c4ccb13{--display:flex;--flex-direction:row;--container-widget-width:initial;--container-widget-height:100%;--container-widget-flex-grow:1;--container-widget-align-self:stretch;--flex-wrap-mobile:wrap;--gap:0px 0px;--row-gap:0px;--column-gap:0px;--flex-wrap:wrap;}.elementor-681 .elementor-element.elementor-element-3dbbd9a6{--display:flex;--flex-direction:column;--container-widget-width:100%;--container-widget-height:initial;--container-widget-flex-grow:0;--container-widget-align-self:initial;--flex-wrap-mobile:wrap;}.elementor-widget-button .elementor-button{font-family:var( --e-global-typography-accent-font-family ), Square;font-size:var( --e-global-typography-accent-font-size );font-weight:var( --e-global-typography-accent-font-weight );background-color:var( --e-global-color-accent );}.elementor-681 .elementor-element.elementor-element-6d391a96 .elementor-button{font-family:var( --e-global-typography-secondary-font-family ), Square;font-size:var( --e-global-typography-secondary-font-size );font-weight:var( --e-global-typography-secondary-font-weight );line-height:var( --e-global-typography-secondary-line-height );fill:var( --e-global-color-text );color:var( --e-global-color-text );}.elementor-681 .elementor-element.elementor-element-6d391a96 .elementor-button:hover, .elementor-681 .elementor-element.elementor-element-6d391a96 .elementor-button:focus{color:var( --e-global-color-accent );background-color:var( --e-global-color-text );}.elementor-681 .elementor-element.elementor-element-6d391a96 .elementor-button:hover svg, .elementor-681 .elementor-element.elementor-element-6d391a96 .elementor-button:focus svg{fill:var( --e-global-color-accent );}.elementor-681 .elementor-element.elementor-element-5c421398{--display:flex;--flex-direction:column;--container-widget-width:100%;--container-widget-height:initial;--container-widget-flex-grow:0;--container-widget-align-self:initial;--flex-wrap-mobile:wrap;}.elementor-681 .elementor-element.elementor-element-cff7915 .elementor-button{font-family:\"eurostile\", Square;font-size:2em;font-weight:800;line-height:63px;fill:var( --e-global-color-text );color:var( --e-global-color-text );}.elementor-681 .elementor-element.elementor-element-cff7915 .elementor-button:hover, .elementor-681 .elementor-element.elementor-element-cff7915 .elementor-button:focus{color:var( --e-global-color-accent );background-color:var( --e-global-color-text );}.elementor-681 .elementor-element.elementor-element-cff7915 .elementor-button:hover svg, .elementor-681 .elementor-element.elementor-element-cff7915 .elementor-button:focus svg{fill:var( --e-global-color-accent );}.elementor-681 .elementor-element.elementor-element-51558d0{--display:flex;--flex-direction:column;--container-widget-width:100%;--container-widget-height:initial;--container-widget-flex-grow:0;--container-widget-align-self:initial;--flex-wrap-mobile:wrap;}.elementor-681 .elementor-element.elementor-element-315547db .elementor-button{font-family:\"eurostile\", Square;font-size:2em;font-weight:800;line-height:63px;fill:var( --e-global-color-text );color:var( --e-global-color-text );}.elementor-681 .elementor-element.elementor-element-315547db .elementor-button:hover, .elementor-681 .elementor-element.elementor-element-315547db .elementor-button:focus{color:var( --e-global-color-accent );background-color:var( --e-global-color-text );}.elementor-681 .elementor-element.elementor-element-315547db .elementor-button:hover svg, .elementor-681 .elementor-element.elementor-element-315547db .elementor-button:focus svg{fill:var( --e-global-color-accent );}.elementor-681 .elementor-element.elementor-element-51208398{--display:flex;--flex-direction:column;--container-widget-width:100%;--container-widget-height:initial;--container-widget-flex-grow:0;--container-widget-align-self:initial;--flex-wrap-mobile:wrap;}.elementor-681 .elementor-element.elementor-element-14dd4813 .elementor-button{font-family:var( --e-global-typography-secondary-font-family ), Square;font-size:var( --e-global-typography-secondary-font-size );font-weight:var( --e-global-typography-secondary-font-weight );line-height:var( --e-global-typography-secondary-line-height );fill:var( --e-global-color-text );color:var( --e-global-color-text );}.elementor-681 .elementor-element.elementor-element-14dd4813 .elementor-button:hover, .elementor-681 .elementor-element.elementor-element-14dd4813 .elementor-button:focus{color:var( --e-global-color-accent );background-color:var( --e-global-color-text );}.elementor-681 .elementor-element.elementor-element-14dd4813 .elementor-button:hover svg, .elementor-681 .elementor-element.elementor-element-14dd4813 .elementor-button:focus svg{fill:var( --e-global-color-accent );}:root{--page-title-display:none;}@media(min-width:768px){.elementor-681 .elementor-element.elementor-element-3dbbd9a6{--width:50%;}.elementor-681 .elementor-element.elementor-element-5c421398{--width:50%;}.elementor-681 .elementor-element.elementor-element-51558d0{--width:50%;}.elementor-681 .elementor-element.elementor-element-51208398{--width:50%;}}@media(max-width:1024px){.elementor-widget-heading .elementor-heading-title{font-size:var( --e-global-typography-primary-font-size );line-height:var( --e-global-typography-primary-line-height );letter-spacing:var( --e-global-typography-primary-letter-spacing );}.elementor-681 .elementor-element.elementor-element-478a70b2 .elementor-heading-title{font-size:var( --e-global-typography-primary-font-size );line-height:var( --e-global-typography-primary-line-height );letter-spacing:var( --e-global-typography-primary-letter-spacing );}.elementor-681 .elementor-element.elementor-element-946479e .elementor-heading-title{font-size:var( --e-global-typography-primary-font-size );line-height:var( --e-global-typography-primary-line-height );letter-spacing:var( --e-global-typography-primary-letter-spacing );}.elementor-widget-text-editor{font-size:var( --e-global-typography-text-font-size );line-height:var( --e-global-typography-text-line-height );letter-spacing:var( --e-global-typography-text-letter-spacing );word-spacing:var( --e-global-typography-text-word-spacing );}.elementor-681 .elementor-element.elementor-element-30825ece{font-size:var( --e-global-typography-text-font-size );line-height:var( --e-global-typography-text-line-height );letter-spacing:var( --e-global-typography-text-letter-spacing );word-spacing:var( --e-global-typography-text-word-spacing );}.elementor-widget-button .elementor-button{font-size:var( --e-global-typography-accent-font-size );}.elementor-681 .elementor-element.elementor-element-6d391a96 .elementor-button{font-size:var( --e-global-typography-secondary-font-size );line-height:var( --e-global-typography-secondary-line-height );}.elementor-681 .elementor-element.elementor-element-cff7915 .elementor-button{font-size:0.7em;line-height:1.2em;}.elementor-681 .elementor-element.elementor-element-315547db .elementor-button{font-size:0.7em;line-height:1.2em;}.elementor-681 .elementor-element.elementor-element-14dd4813 .elementor-button{font-size:var( --e-global-typography-secondary-font-size );line-height:var( --e-global-typography-secondary-line-height );}}@media(max-width:767px){.elementor-widget-heading .elementor-heading-title{font-size:var( --e-global-typography-primary-font-size );line-height:var( --e-global-typography-primary-line-height );letter-spacing:var( --e-global-typography-primary-letter-spacing );}.elementor-681 .elementor-element.elementor-element-478a70b2 .elementor-heading-title{font-size:var( --e-global-typography-primary-font-size );line-height:var( --e-global-typography-primary-line-height );letter-spacing:var( --e-global-typography-primary-letter-spacing );}.elementor-681 .elementor-element.elementor-element-946479e .elementor-heading-title{font-size:var( --e-global-typography-primary-font-size );line-height:var( --e-global-typography-primary-line-height );letter-spacing:var( --e-global-typography-primary-letter-spacing );}.elementor-widget-text-editor{font-size:var( --e-global-typography-text-font-size );line-height:var( --e-global-typography-text-line-height );letter-spacing:var( --e-global-typography-text-letter-spacing );word-spacing:var( --e-global-typography-text-word-spacing );}.elementor-681 .elementor-element.elementor-element-30825ece{font-size:var( --e-global-typography-text-font-size );line-height:var( --e-global-typography-text-line-height );letter-spacing:var( --e-global-typography-text-letter-spacing );word-spacing:var( --e-global-typography-text-word-spacing );}.elementor-widget-button .elementor-button{font-size:var( --e-global-typography-accent-font-size );}.elementor-681 .elementor-element.elementor-element-6d391a96 .elementor-button{font-size:var( --e-global-typography-secondary-font-size );line-height:var( --e-global-typography-secondary-line-height );}.elementor-681 .elementor-element.elementor-element-cff7915 .elementor-button{font-size:2em;line-height:1.2em;}.elementor-681 .elementor-element.elementor-element-315547db .elementor-button{font-size:2em;line-height:1.2em;}.elementor-681 .elementor-element.elementor-element-14dd4813 .elementor-button{font-size:var( --e-global-typography-secondary-font-size );line-height:var( --e-global-typography-secondary-line-height );}}<\/style>\t\t<div data-elementor-type=\"wp-page\" data-elementor-id=\"681\" class=\"elementor elementor-681\" data-elementor-post-type=\"page\">\n\t\t\t\t<div data-marvy_enable_drop_animation=\"false\" data-marvy_enable_fancy_rotate=\"false\" data-marvy_enable_flying_object=\"false\" data-marvy_enable_ripples_animation=\"false\" data-marvy_enable_waves_animation=\"false\" data-marvy_enable_rings_animation=\"false\" data-marvy_enable_topology_animation=\"false\" data-marvy_enable_gradient_animation=\"false\" data-marvy_enable_snow_animation=\"false\" data-marvy_enable_firework_animation=\"false\" data-marvy_enable_cloud_animation=\"false\" class=\"elementor-element elementor-element-39140a50 e-flex e-con-boxed e-con e-parent\" data-id=\"39140a50\" data-element_type=\"container\" data-e-type=\"container\">\n\t\t\t\t\t<div class=\"e-con-inner\">\n\t\t\t\t\t<\/div>\n\t\t\t\t<\/div>\n\t\t<div data-marvy_enable_drop_animation=\"false\" data-marvy_enable_fancy_rotate=\"false\" data-marvy_enable_flying_object=\"false\" data-marvy_enable_ripples_animation=\"false\" data-marvy_enable_waves_animation=\"false\" data-marvy_enable_rings_animation=\"false\" data-marvy_enable_topology_animation=\"false\" data-marvy_enable_gradient_animation=\"false\" data-marvy_enable_snow_animation=\"false\" data-marvy_enable_firework_animation=\"false\" data-marvy_enable_cloud_animation=\"false\" class=\"elementor-element elementor-element-7ce843af e-flex e-con-boxed e-con e-parent\" data-id=\"7ce843af\" data-element_type=\"container\" data-e-type=\"container\" data-settings=\"{&quot;background_background&quot;:&quot;video&quot;,&quot;background_video_link&quot;:&quot;https:\\\/\\\/youtu.be\\\/-L3RhopMxDU&quot;}\">\n\t\t\t\t\t<div class=\"e-con-inner\">\n\t\t<div class=\"elementor-background-video-container elementor-hidden-mobile\">\n\t\t\t\t\t\t\t<div class=\"elementor-background-video-embed\" role=\"presentation\"><\/div>\n\t\t\t\t\t\t<\/div>\t\t<div class=\"elementor-element elementor-element-946479e elementor-widget__width-inherit elementor-widget elementor-widget-heading\" data-id=\"946479e\" data-element_type=\"widget\" data-e-type=\"widget\" data-widget_type=\"heading.default\">\n\t\t\t\t\t<h2 class=\"elementor-heading-title elementor-size-default\">PRODUCTOS<\/h2>\t\t\t\t<\/div>\n\t\t\t\t\t<\/div>\n\t\t\t\t<\/div>\n\t\t<div data-marvy_enable_drop_animation=\"false\" data-marvy_enable_fancy_rotate=\"false\" data-marvy_enable_flying_object=\"false\" data-marvy_enable_ripples_animation=\"false\" data-marvy_enable_waves_animation=\"false\" data-marvy_enable_rings_animation=\"false\" data-marvy_enable_topology_animation=\"false\" data-marvy_enable_gradient_animation=\"false\" data-marvy_enable_snow_animation=\"false\" data-marvy_enable_firework_animation=\"false\" data-marvy_enable_cloud_animation=\"false\" class=\"elementor-element elementor-element-69c57bfa e-flex e-con-boxed e-con e-parent\" data-id=\"69c57bfa\" data-element_type=\"container\" data-e-type=\"container\">\n\t\t\t\t\t<div class=\"e-con-inner\">\n\t\t\t\t<div class=\"elementor-element elementor-element-30825ece elementor-widget elementor-widget-text-editor\" data-id=\"30825ece\" data-element_type=\"widget\" data-e-type=\"widget\" data-widget_type=\"text-editor.default\">\n\t\t\t\t\t\t\t\t\t<p>En el vibrante mundo de la banca y las finanzas, es crucial contar con una integraci\u00f3n de sistemas que sea tanto segura como eficiente. En Syndein, sabemos que la estabilidad y el crecimiento de tu negocio dependen de c\u00f3mo tus aplicaciones cr\u00edticas se comunican sin problemas.<\/p><p>Nuestros productos, impulsados por la innovadora <strong>Tecnolog\u00eda InterAct,<\/strong> no son solo herramientas; son una plataforma s\u00f3lida y escalable, dise\u00f1ada para gestionar grandes vol\u00famenes de transacciones y mensajes, siempre garantizando la m\u00e1xima seguridad y rendimiento.<\/p><h3 style=\"text-align: center;\"><strong>El Eje de Nuestros Productos: Tecnolog\u00eda InterAct<\/strong><\/h3><p>La Tecnolog\u00eda InterAct se basa en un modelo de intercambio de mensajes que es tanto flexible como seguro, lo que permite una comunicaci\u00f3n fluida entre diferentes entornos, desde sistemas heredados hasta las aplicaciones web m\u00e1s actuales.<\/p><p><strong>Arquitectura de Intercambio de Mensajes:<\/strong> Est\u00e1 dise\u00f1ada para recibir, identificar, registrar y enviar transacciones desde su origen hasta el destino adecuado, utilizando reglas de ruteo que se pueden configurar seg\u00fan las necesidades.<\/p><p><strong>Seguridad Blindada:<\/strong> Toda la informaci\u00f3n que se comparte est\u00e1 encriptada, asegurando que se cumplan las regulaciones gubernamentales m\u00e1s estrictas y que la operaci\u00f3n sea completamente confiable.<\/p><p><strong>Escalabilidad a Medida:<\/strong> Nuestros productos est\u00e1n dise\u00f1ados con una arquitectura que permite que los servidores de aplicaciones y\/o autorizadores crezcan de acuerdo con la demanda real de transacciones que su empresa necesita.<\/p>\t\t\t\t\t\t\t\t<\/div>\n\t\t\t\t\t<\/div>\n\t\t\t\t<\/div>\n\t\t<div data-marvy_enable_drop_animation=\"false\" data-marvy_enable_fancy_rotate=\"false\" data-marvy_enable_flying_object=\"false\" data-marvy_enable_ripples_animation=\"false\" data-marvy_enable_waves_animation=\"false\" data-marvy_enable_rings_animation=\"false\" data-marvy_enable_topology_animation=\"false\" data-marvy_enable_gradient_animation=\"false\" data-marvy_enable_snow_animation=\"false\" data-marvy_enable_firework_animation=\"false\" data-marvy_enable_cloud_animation=\"false\" class=\"elementor-element elementor-element-6c4ccb13 e-flex e-con-boxed e-con e-parent\" data-id=\"6c4ccb13\" data-element_type=\"container\" data-e-type=\"container\" data-settings=\"{&quot;background_background&quot;:&quot;video&quot;,&quot;background_video_link&quot;:&quot;https:\\\/\\\/youtu.be\\\/-L3RhopMxDU&quot;}\">\n\t\t\t\t\t<div class=\"e-con-inner\">\n\t\t<div class=\"elementor-background-video-container elementor-hidden-mobile\">\n\t\t\t\t\t\t\t<div class=\"elementor-background-video-embed\" role=\"presentation\"><\/div>\n\t\t\t\t\t\t<\/div><div data-marvy_enable_drop_animation=\"false\" data-marvy_enable_fancy_rotate=\"false\" data-marvy_enable_flying_object=\"false\" data-marvy_enable_ripples_animation=\"false\" data-marvy_enable_waves_animation=\"false\" data-marvy_enable_rings_animation=\"false\" data-marvy_enable_topology_animation=\"false\" data-marvy_enable_gradient_animation=\"false\" data-marvy_enable_snow_animation=\"false\" data-marvy_enable_firework_animation=\"false\" data-marvy_enable_cloud_animation=\"false\" class=\"elementor-element elementor-element-3dbbd9a6 e-con-full e-flex e-con e-child\" data-id=\"3dbbd9a6\" data-element_type=\"container\" data-e-type=\"container\">\n\t\t\t\t<div class=\"elementor-element elementor-element-6d391a96 elementor-align-justify elementor-widget elementor-widget-button\" data-id=\"6d391a96\" data-element_type=\"widget\" data-e-type=\"widget\" data-widget_type=\"button.default\">\n\t\t\t\t\t\t\t\t\t\t<a class=\"elementor-button elementor-button-link elementor-size-sm\" href=\"https:\/\/www.syndein.com.mx\/syn\/index.php\/tecnologia-interact\/\">\n\t\t\t\t\t\t<span class=\"elementor-button-content-wrapper\">\n\t\t\t\t\t\t\t\t\t<span class=\"elementor-button-text\">Tecnolog\u00eda InterAct<\/span>\n\t\t\t\t\t<\/span>\n\t\t\t\t\t<\/a>\n\t\t\t\t\t\t\t\t<\/div>\n\t\t\t\t<\/div>\n\t\t<div data-marvy_enable_drop_animation=\"false\" data-marvy_enable_fancy_rotate=\"false\" data-marvy_enable_flying_object=\"false\" data-marvy_enable_ripples_animation=\"false\" data-marvy_enable_waves_animation=\"false\" data-marvy_enable_rings_animation=\"false\" data-marvy_enable_topology_animation=\"false\" data-marvy_enable_gradient_animation=\"false\" data-marvy_enable_snow_animation=\"false\" data-marvy_enable_firework_animation=\"false\" data-marvy_enable_cloud_animation=\"false\" class=\"elementor-element elementor-element-5c421398 e-con-full e-flex e-con e-child\" data-id=\"5c421398\" data-element_type=\"container\" data-e-type=\"container\">\n\t\t\t\t<div class=\"elementor-element elementor-element-cff7915 elementor-align-justify elementor-widget elementor-widget-button\" data-id=\"cff7915\" data-element_type=\"widget\" data-e-type=\"widget\" data-widget_type=\"button.default\">\n\t\t\t\t\t\t\t\t\t\t<a class=\"elementor-button elementor-button-link elementor-size-sm\" href=\"https:\/\/www.syndein.com.mx\/syn\/index.php\/productos-interact-router\/\">\n\t\t\t\t\t\t<span class=\"elementor-button-content-wrapper\">\n\t\t\t\t\t\t\t\t\t<span class=\"elementor-button-text\">Productos InterAct Router<\/span>\n\t\t\t\t\t<\/span>\n\t\t\t\t\t<\/a>\n\t\t\t\t\t\t\t\t<\/div>\n\t\t\t\t<\/div>\n\t\t<div data-marvy_enable_drop_animation=\"false\" data-marvy_enable_fancy_rotate=\"false\" data-marvy_enable_flying_object=\"false\" data-marvy_enable_ripples_animation=\"false\" data-marvy_enable_waves_animation=\"false\" data-marvy_enable_rings_animation=\"false\" data-marvy_enable_topology_animation=\"false\" data-marvy_enable_gradient_animation=\"false\" data-marvy_enable_snow_animation=\"false\" data-marvy_enable_firework_animation=\"false\" data-marvy_enable_cloud_animation=\"false\" class=\"elementor-element elementor-element-51558d0 e-con-full e-flex e-con e-child\" data-id=\"51558d0\" data-element_type=\"container\" data-e-type=\"container\">\n\t\t\t\t<div class=\"elementor-element elementor-element-315547db elementor-align-justify elementor-widget elementor-widget-button\" data-id=\"315547db\" data-element_type=\"widget\" data-e-type=\"widget\" data-widget_type=\"button.default\">\n\t\t\t\t\t\t\t\t\t\t<a class=\"elementor-button elementor-button-link elementor-size-sm\" href=\"https:\/\/www.syndein.com.mx\/syn\/index.php\/productos-interact-switch\/\">\n\t\t\t\t\t\t<span class=\"elementor-button-content-wrapper\">\n\t\t\t\t\t\t\t\t\t<span class=\"elementor-button-text\">Productos InterAct Switch<\/span>\n\t\t\t\t\t<\/span>\n\t\t\t\t\t<\/a>\n\t\t\t\t\t\t\t\t<\/div>\n\t\t\t\t<\/div>\n\t\t<div data-marvy_enable_drop_animation=\"false\" data-marvy_enable_fancy_rotate=\"false\" data-marvy_enable_flying_object=\"false\" data-marvy_enable_ripples_animation=\"false\" data-marvy_enable_waves_animation=\"false\" data-marvy_enable_rings_animation=\"false\" data-marvy_enable_topology_animation=\"false\" data-marvy_enable_gradient_animation=\"false\" data-marvy_enable_snow_animation=\"false\" data-marvy_enable_firework_animation=\"false\" data-marvy_enable_cloud_animation=\"false\" class=\"elementor-element elementor-element-51208398 e-con-full e-flex e-con e-child\" data-id=\"51208398\" data-element_type=\"container\" data-e-type=\"container\">\n\t\t\t\t<div class=\"elementor-element elementor-element-14dd4813 elementor-align-justify elementor-widget elementor-widget-button\" data-id=\"14dd4813\" data-element_type=\"widget\" data-e-type=\"widget\" data-widget_type=\"button.default\">\n\t\t\t\t\t\t\t\t\t\t<a class=\"elementor-button elementor-button-link elementor-size-sm\" href=\"https:\/\/www.syndein.com.mx\/syn\/index.php\/interact-sucursales\/\">\n\t\t\t\t\t\t<span class=\"elementor-button-content-wrapper\">\n\t\t\t\t\t\t\t\t\t<span class=\"elementor-button-text\">InterAct Sucursales<\/span>\n\t\t\t\t\t<\/span>\n\t\t\t\t\t<\/a>\n\t\t\t\t\t\t\t\t<\/div>\n\t\t\t\t<\/div>\n\t\t\t\t\t<\/div>\n\t\t\t\t<\/div>\n\t\t\t\t<\/div>\n\t\t","protected":false},"excerpt":{"rendered":"<p>PRODUCTOS En el vibrante mundo de la banca y las finanzas, es crucial contar con una integraci\u00f3n de sistemas que sea tanto segura como eficiente. En Syndein, sabemos que la estabilidad y el crecimiento de tu negocio dependen de c\u00f3mo tus aplicaciones cr\u00edticas se comunican sin problemas. Nuestros productos, impulsados por la innovadora Tecnolog\u00eda InterAct, [&hellip;]<\/p>\n","protected":false},"author":1,"featured_media":0,"parent":0,"menu_order":0,"comment_status":"closed","ping_status":"closed","template":"","meta":{"footnotes":""},"class_list":["post-681","page","type-page","status-publish","hentry"],"_links":{"self":[{"href":"https:\/\/www.syndein.com.mx\/syn\/index.php\/wp-json\/wp\/v2\/pages\/681","targetHints":{"allow":["GET"]}}],"collection":[{"href":"https:\/\/www.syndein.com.mx\/syn\/index.php\/wp-json\/wp\/v2\/pages"}],"about":[{"href":"https:\/\/www.syndein.com.mx\/syn\/index.php\/wp-json\/wp\/v2\/types\/page"}],"author":[{"embeddable":true,"href":"https:\/\/www.syndein.com.mx\/syn\/index.php\/wp-json\/wp\/v2\/users\/1"}],"replies":[{"embeddable":true,"href":"https:\/\/www.syndein.com.mx\/syn\/index.php\/wp-json\/wp\/v2\/comments?post=681"}],"version-history":[{"count":7,"href":"https:\/\/www.syndein.com.mx\/syn\/index.php\/wp-json\/wp\/v2\/pages\/681\/revisions"}],"predecessor-version":[{"id":903,"href":"https:\/\/www.syndein.com.mx\/syn\/index.php\/wp-json\/wp\/v2\/pages\/681\/revisions\/903"}],"wp:attachment":[{"href":"https:\/\/www.syndein.com.mx\/syn\/index.php\/wp-json\/wp\/v2\/media?parent=681"}],"curies":[{"name":"wp","href":"https:\/\/api.w.org\/{rel}","templated":true}]}}